{"id":285,"date":"2016-09-23T07:22:47","date_gmt":"2016-09-23T07:22:47","guid":{"rendered":"http:\/\/helmuthnyborg.dk\/?page_id=285"},"modified":"2017-06-14T08:53:08","modified_gmt":"2017-06-14T08:53:08","slug":"currcilum-vitae-cv","status":"publish","type":"page","link":"https:\/\/helmuthnyborg.dk\/?page_id=285","title":{"rendered":"Currcilum Vitae (CV)"},"content":{"rendered":"<p><strong>CV<\/strong><\/p>\n<p><em><strong>Education<\/strong><\/em><br \/>\n<strong>1953-1962<\/strong> Business apprenticeship. Diploma in management. Employment in \u00a0 \u00a0 \u00a0 electronics and chemical industries; Professional photographer. Junior engineer in merchant navy, Certified Radio Operator, Navy School of Telecommunication. Radio-Officer in the merchant navy.<br \/>\n<strong>1962<\/strong> Preliminary introductory Course (Pr\u00e6limin\u00e6reksamen): Ahms Kursus, Copenhagen.<\/p>\n<p><strong>1963-1965<\/strong> Studying classical languages: Statens og Hovedstadskommunernes Kursus, M\u00fcnstersvej, Frederiksberg, Copenhagen.<\/p>\n<p><strong> 1966<\/strong> Filosofikum: University of Copenhagen.<br \/>\n<strong>1968<\/strong> M.A. (Psychology), Psykologisk Laboratorium, University of Copenhagen.<br \/>\n<strong>1971<\/strong> Mag.Art.: Psychology (Approx.: Ph.d): Institute of Psychology, University of Aarhus, Denmark.<br \/>\n<strong>1977<\/strong> Doctor of Philosophy (Dr.Phil.). Institute of Psychology, University of Aarhus. Subject: &#8220;Psychological Differentiation&#8221;.<br \/>\n<em><strong>Professional Appointments<\/strong> <\/em><br \/>\n<strong>1968-1970<\/strong> Instructor, Institute of Psychology, University of Aarhus, Denmark. Subjects: Personality and Social Psychology.<br \/>\n<strong>1971-1972<\/strong> Assistant Professor, Institute of Psychology, University of Aarhus, Denmark. Subjects: Personality and Social Psychology.<br \/>\n<strong>1972-1974<\/strong> Research fellowship (see below).<br \/>\n<strong>1974-1975<\/strong> Associate Professor, Institute of Psychology, University of Aarhus, Denmark. Subjects: Experimental Psychology, Psychophysics, Early Cognitive Development, Differential Psychology.<br \/>\n<strong>1974-1975<\/strong> Associate Professor, Royal Danish School of Higher Education, Aarhus, Denmark. Subjects: Ego Development, Role Theory, Cultural\u00a0Influences on Behaviour, Group Dynamics<br \/>\n<strong>1975-1976<\/strong> Associate Professor, Open University, Aarhus Subjects: The Developing Personality; The deviant person.<br \/>\n<strong>1976-1977<\/strong> Research fellowship (see below).<br \/>\n<strong>1977-1979<\/strong> Associate Professor, Institute of Psychology, University of Aarhus, Denmark. Subjects: Nature-Nurture problems, Behavioral Genetics, Differential Psychology.<br \/>\n<strong>1979-1980<\/strong> Research Fellowship (see below)<br \/>\n<strong>1980-1984<\/strong> Associate Professor, Institute of Psychology, University of Aarhus, Denmark. Subjects: Neuropsychology, Personality Development, Behavioral Genetics, Differential Psychology.<br \/>\n<strong>1982-1983<\/strong> Director, Institute of Psychology, University of Aarhus, Denmark.<br \/>\n<strong>1984-1985<\/strong> Research Fellowship (see below)<br \/>\n<strong>1986-2006<\/strong> Founder and Director: &#8220;The International Research Center for PsychoNeuroEndocrinology&#8221;, Institute of Psychology, Aarhus University, Denmark.<br \/>\n<strong>1987<\/strong> Research Fellowship (see below).<br \/>\n<strong>1988-1989<\/strong> Research Fellowship (see below).<br \/>\n<strong>1990-2006<\/strong> Chairman: Department of Developmental Psychology, Institute of Psychology, Aarhus University, Denmark.<br \/>\n<strong>1994-2007<\/strong>\u00a0Professor of Developmental and Child Psychology, Institute of Psychology, Aarhus University, Denmark.<br \/>\n<strong>2005-2007<\/strong>\u00a0Chairman: Individual Difference Research Unit (IDRU).<br \/>\n<strong>2007<\/strong>&#8211; Retired professor Emeritus.<\/p>\n<p><strong>Awards and Fellowships<\/strong><br \/>\n<strong>1970-1971<\/strong> Scholarship, Institute of Psychology, University of Aarhus, Denmark. Sponsor: Professor, Dr.phil. Gerhard Nielsen: Subject: Experimental studies of the development of individual differences in spatial abilities and in Optic-Vestibular(-Somesthetic) interaction.<br \/>\n<strong>1972-1975<\/strong> Medical Research Fellowship in Biological Psychiatry, Institute of Biological Psychiatry, Psychiatric Hospital, Risskov, Denmark. Sponsor: Professor, Dr.med. Mogens Schou, Subjects: Psychopharmaco-therapy, Studies of individual perceptual, intellectual, and personality development in children with sex chromosome abnormalities.<br \/>\n<strong>1976-1977<\/strong> Senior Research Fellowship, Max-Planck-Institute of Behavioral Physiology, Seewiesen, West Germany. Sponsored by the &#8220;Alexander von Humboldt-Stiftung&#8221;, Bonn, West Germany. In cooperation with Professors, Dr. rer. Nat. Hermann Sch\u00f6ne and Horst Mittelstaedt. Subjects: Experimental studies of the development of perceptual strategies in optic-vestibular (somesthetic) conflict solutions in man and animal; Studies of cybernetic models for evolution, Developmental ethology.<br \/>\n<strong>1979-1980<\/strong> Senior Research Fellowship, Department of Experimental Psychology, University of Oxford, England. Sponsored by the Danish Research Council for the Humanities, Copenhagen. In cooperation with Professor Jeffrey Gray, Subjects: Psychoneuroendocrinological studies of perceptual, intellectual, and personality development.<br \/>\n<strong>1984<\/strong> Visiting Professor, NATO Senior Research Fellowship combined with a Fulbright Stipendium, Institute for Behavioral Genetics, Colorado University, Boulder, Colorado, USA. In cooperation with Professor J.R. Wilson: Subjects: Behavioral Genetics, Psychoneuroendocrinology, Developmental Neurobiology. <strong>1985<\/strong> Visiting Professor, The Kinsey Institute for Sex, Gender, and Reproduction, Indiana University, Bloomington, Indiana, USA. In cooperation with Professor June Reinisch, Subjects: Prenatal development, Effects of sex hormones on body, brain, and behavior, Sexual orientation.<br \/>\n<strong>1987<\/strong> Senior Research Fellowship (with support from Research Foundation for the University of Aarhus) at The Department of Child Health and Development, University of London. In cooperation with Professors James Tanner and M. Preece: Subjects: Models for child development, The diagnosis and treatment of childhood disorders, Sex hormonal correlates of prenatal and later development.<br \/>\n<strong>1989-1990<\/strong> Visiting Professor, The Rockefeller University, Laboratory of Neuroendocrinology, New York, USA. In cooperation with Professor Bruce McEwen, Subjects: Experimental studies on neuroendocrine development and learning in the rat: A test of the General Trait Covariance Model, Developmental psychoneuroendocrinology, Revision of the traditional nature-nurture model.<br \/>\n<strong>1992<\/strong> Visiting Professor, University of Washington, Seattle, Washington, USA. In cooperation with Professor Gene Sackett, Primate Research Center: Subjects: Neuroendocrine aspects of behavioral development in non-human primates: A test of the General Trait Covariance Model, Animal development.<br \/>\n<strong>1994<\/strong> Visiting Professor, Institute for Psychiatric Research, Department of Biological Psychiatry, Psychiatric Hospital, Aarhus. In cooperation with Professor, dr. med. Raben Rosenberg, Subject: Sex hormones and psychotic development.<br \/>\n<strong>1998<\/strong> Visiting Professor, Niels Bohr Institute, Copenhagen University, Denmark. In cooperation with Professor in Theoretical Physics, Benny Lautrup, Subjects: Mathematical Dimensioning of Molecular models.<br \/>\n<strong>1998<\/strong> Visiting Professor, Santa Fe Institute, Santa Fe, New Mexico, USA. In cooperation with Professors George Cowan and Steen Rasmussen (Los Alamos National Laboratory). Subject: Mathematical Dimensioning of Molecular models.<br \/>\n<strong>2000<\/strong> Visiting Professor, University of California at Berkeley, Berkeley, USA. In cooperation with Professor Arthur R. Jensen, Graduate School of Education. Subject: Linear hierarchical models of intelligence.<\/p>\n<p><strong>Professional, Community and Public Activities<\/strong><\/p>\n<p>Member: Danish Magister&#8217;s Association. Scandinavian Association for Researchers in Theoretical Psychology.<br \/>\nBehavioral Genetics Association. (Served on membership committee 1983-7). The International Society for the Study of Individual Differences (Serving on Committee for Ethical Principles 1984-9; Ex Officio Board of Directors 1995-1999; Board of directors 1999-2005; Nominated president 2007). The International Society of Psychoneuroendocrinology (until 2000) University Committees (Board of Studies, various sub-committees, director of Ph.d studies 2001).<\/p>\n<p>Chairman: International Conference on &#8220;The Neuropsychology of Learning Disorders&#8221;, Korsor, Denmark, June 15-18, 1975. Chairing session on &#8220;Physiological and Biochemical Correlates to Learning Disorders&#8221;.<br \/>\nOrganizer and Chairman: Symposium on &#8220;Biological, Social, and Cross-Cultural Aspects of Sex-Specific Cognitive Development&#8221;, International Society of the Study of Behavioural Development, University of York, Toronto, Canada, August, 1981.<br \/>\nChairman: Symposium on &#8220;Hormonal Aspects of Psychosomatic Obstetrics\/Gynecology, Twenty-First Congress of the International Society of Psychoneuroendocrinology, Buffalo\/Niagara Falls, New York, USA, August 20-24, 1990.<br \/>\nOrganizer and Chairman: Symposium on &#8220;Hormones, Intelligence, and Personality Development&#8221;, The Sixth Meeting of the International Society for the Study of Individual Differences (ISSID), Baltimore, MA., 17-21 July, 1993<br \/>\nOrganizer and Chair: The VIII Meeting of the International Society for the Study of Individual Differences, University of Aarhus, Denmark, July 20-24th., 1997<br \/>\nChairman: Symposium on \u201cSecular changes in intelligence\u201d, co-sponsored by the International Society for the Study of Individual Differences and the Behavioral Genetics Society, June 2000, University of Vancouver, Canada.<br \/>\nEditorial Consultant: Acta Psychiatrica Scandinavica. Behavioral and Brain Sciences. British Journal of Developmental Psychology. Clinical Endocrinology. Intelligence. Perceptual and Motor Skills. Personality and Individual Differences. Scandinavian Journal of Psychology. Psychoneuroendocrinology.<\/p>\n<p>Editorial board: Neuropsychobiology\u00a02012 &#8211; Member of the Scientific Board for The Ulster Institute for Social Research, London.<br \/>\n<strong>Other<\/strong><br \/>\n1960 <a href=\"http:\/\/helmuthnyborg.dk\/wp-content\/uploads\/2016\/07\/Rom_OL_1960_Cropped2.jpg\">Olympic Bronze Medal Winner in kayak<\/a>, Rome, 1960: 4 x 500 meter Relay. (Click for picture take immediately before the final competition)<\/p>\n","protected":false},"excerpt":{"rendered":"<p>CV Education 1953-1962 Business apprenticeship. Diploma in management. Employment in \u00a0 \u00a0 \u00a0 electronics and chemical industries; Professional photographer. Junior engineer in merchant navy, Certified Radio Operator, Navy School of Telecommunication. Radio-Officer in the merchant navy. 1962 Preliminary introductory Course (Pr\u00e6limin\u00e6reksamen): Ahms Kursus, Copenhagen. 1963-1965 Studying classical languages: Statens og Hovedstadskommunernes Kursus, M\u00fcnstersvej, Frederiksberg, Copenhagen.&hellip; <a class=\"more-link\" href=\"https:\/\/helmuthnyborg.dk\/?page_id=285\">Continue reading <span class=\"screen-reader-text\">Currcilum Vitae (CV)<\/span><\/a><\/p>\n","protected":false},"author":2,"featured_media":0,"parent":0,"menu_order":0,"comment_status":"closed","ping_status":"closed","template":"","meta":{"footnotes":""},"class_list":["post-285","page","type-page","status-publish","hentry","entry"],"_links":{"self":[{"href":"https:\/\/helmuthnyborg.dk\/index.php?rest_route=\/wp\/v2\/pages\/285","targetHints":{"allow":["GET"]}}],"collection":[{"href":"https:\/\/helmuthnyborg.dk\/index.php?rest_route=\/wp\/v2\/pages"}],"about":[{"href":"https:\/\/helmuthnyborg.dk\/index.php?rest_route=\/wp\/v2\/types\/page"}],"author":[{"embeddable":true,"href":"https:\/\/helmuthnyborg.dk\/index.php?rest_route=\/wp\/v2\/users\/2"}],"replies":[{"embeddable":true,"href":"https:\/\/helmuthnyborg.dk\/index.php?rest_route=%2Fwp%2Fv2%2Fcomments&post=285"}],"version-history":[{"count":1,"href":"https:\/\/helmuthnyborg.dk\/index.php?rest_route=\/wp\/v2\/pages\/285\/revisions"}],"predecessor-version":[{"id":287,"href":"https:\/\/helmuthnyborg.dk\/index.php?rest_route=\/wp\/v2\/pages\/285\/revisions\/287"}],"wp:attachment":[{"href":"https:\/\/helmuthnyborg.dk\/index.php?rest_route=%2Fwp%2Fv2%2Fmedia&parent=285"}],"curies":[{"name":"wp","href":"https:\/\/api.w.org\/{rel}","templated":true}]}}